le of 520?
False
Is 585910 a multiple of 30?
False
Does 14 divide 43390?
False
Is 3705651 a multiple of 8?
False
Is 2105707 a multiple of 572?
False
Is 23949 a multiple of 27?
True
Does 141 divide 1910301?
False
Is 177 a factor of 788535?
True
Does 10 divide 6441211?
False
Is 690955 a multiple of 57?
False
Does 37 divide 537647?
True
Does 72 divide 156760?
False
Is 4276350 a multiple of 663?
True
Is 869477 a multiple of 557?
True
Is 11072417 a multiple of 22?
False
Is 8 a factor of 92624?
True
Does 8 divide 99914?
False
Does 3 divide 2490?
True
Is 41 a factor of 37430?
False
Is 910604 a multiple of 74?
False
Does 44 divide 4088617?
False
Is 11 a factor of 443076?
False
Is 10858 a multiple of 8?
False
Is 40339 a multiple of 29?
True
Is 34944 a multiple of 64?
True
Is 88430 a multiple of 239?
True
Is 244160 a multiple of 218?
True
Is 10212 a multiple of 37?
True
Is 20 a factor of 4221020?
True
Is 285572 a multiple of 5?
False
Is 56298 a multiple of 22?
True
Is 171 a factor of 118075?
False
Is 47 a factor of 23498778?
True
Is 310620 a multiple of 60?
True
Does 7 divide 124264?
True
Is 167 a factor of 932862?
True
Does 287 divide 1220037?
True
Is 508 a factor of 6172202?
False
Is 11 a factor of 1159488?
True
Is 1191808 a multiple of 11?
False
Is 1281584 a multiple of 951?
False
Is 50 a factor of 686792?
False
Is 18120319 a multiple of 19?
True
Does 5 divide 81853?
False
Is 803 a factor of 975821?
False
Is 3978149 a multiple of 29?
False
Does 232 divide 339880?
True
Is 3499556 a multiple of 388?
False
Does 613 divide 2275456?
True
Is 4 a factor of 1586816?
True
Is 105089 a multiple of 358?
False
Does 67 divide 549132?
True
Is 180864 a multiple of 8?
True
Does 148 divide 548636?
True
Does 691 divide 583895?
True
Does 30 divide 1737063?
False
Does 625 divide 2963125?
True
Is 1086302 a multiple of 2?
True
Is 459665 a multiple of 617?
True
Is 85470 a multiple of 11?
True
Is 4631445 a multiple of 45?
True
Does 409 divide 3075874?
False
Does 2 divide 258186?
True
Is 678820 a multiple of 33?
False
Is 1139351 a multiple of 106?
False
Does 1588 divide 173962?
False
Does 38 divide 277481?
False
Is 13 a factor of 920868?
True
Is 21 a factor of 549543?
False
Is 33 a factor of 3322506?
True
Is 653563 a multiple of 20?
False
Is 41 a factor of 577290?
False
Is 431 a factor of 5035804?
True
Does 3 divide 91899?
True
Is 600 a factor of 583350?
False
Does 114 divide 149766?
False
Is 217 a factor of 37145?
False
Does 19 divide 2678183?
True
Is 16 a factor of 5404928?
True
Is 1279777 a multiple of 907?
True
Is 321 a factor of 2136897?
True
Is 35 a factor of 11394845?
True
Does 20 divide 377020?
True
Is 401373 a multiple of 69?
True
Is 1581496 a multiple of 298?
False
Does 14 divide 2588684?
True
Is 456840 a multiple of 15?
True
Is 74295 a multiple of 18?
False
Is 118 a factor of 2093854?
False
Is 35954 a multiple of 58?
False
Is 1474459 a multiple of 49?
True
Is 104250 a multiple of 50?
True
Is 7429 a multiple of 11?
False
Does 854 divide 1068452?
False
Is 124672 a multiple of 4?
True
Is 49 a factor of 389704?
False
Does 465 divide 17751375?
True
Does 15 divide 21321986?
False
Is 5 a factor of 89022?
False
Does 207 divide 152732?
False
Does 64 divide 193152?
True
Is 33411 a multiple of 2?
False
Is 293535 a multiple of 13?
False
Does 61 divide 659974?
False
Is 7285950 a multiple of 630?
True
Is 262 a factor of 1064506?
True
Is 39 a factor of 359815?
False
Is 61 a factor of 1049234?
False
Is 813426 a multiple of 87?
False
Does 64 divide 1593861?
False
Is 11 a factor of 281875?
True
Is 59356 a multiple of 76?
True
Is 972090 a multiple of 9?
True
Does 200 divide 250251?
False
Is 2349263 a multiple of 16?
False
Does 13 divide 2893353?
False
Does 85 divide 8937410?
True
Does 142 divide 6416838?
True
Does 252 divide 292942?
False
Does 92 divide 6035998?
False
Does 83 divide 457496?
True
Is 18 a factor of 1206?
True
Is 1220765 a multiple of 91?
True
Does 8 divide 123532?
False
Does 351 divide 8312031?
True
Is 11 a factor of 471974?
False
Is 16909728 a multiple of 1072?
True
Is 81768 a multiple of 105?
False
Does 89 divide 102884?
True
Is 1846 a multiple of 53?
False
Is 141704 a multiple of 98?
False
Is 11709 a multiple of 28?
False
Does 289 divide 236075?
False
Is 4797102 a multiple of 17?
False
Is 21 a factor of 358681?
False
Is 52338 a multiple of 61?
True
Is 3760405 a multiple of 27?
False
Is 147 a factor of 759898?
False
Is 788 a factor of 3154704?
False
Is 25 a factor of 584950?
True
Does 50 divide 197583?
False
Does 934 divide 9240404?
False
Is 281902 a multiple of 59?
True
Is 16 a factor of 3185716?
False
Is 32 a factor of 385280?
True
Is 280 a factor of 479080?
True
Is 86720 a multiple of 20?
True
Is 2134343 a multiple of 8?
False
Is 71149 a multiple of 2?
False
Does 13 divide 12208981?
False
Is 161229 a multiple of 44?
False
Does 257 divide 1377777?
True
Does 14 divide 54292?
True
Is 1936502 a multiple of 49?
False
Is 1083192 a multiple of 33?
True
Is 62880 a multiple of 30?
True
Does 203 divide 282640?
False
Is 4 a factor of 40870?
False
Does 295 divide 1563279?
False
Does 5 divide 106517?
False
Is 51300 a multiple of 20?
True
Does 539 divide 1175951?
False
Is 3316532 a multiple of 148?
True
Is 813755 a multiple of 4?
False
Does 893 divide 2072576?
False
Does 68 divide 10743514?
False
Is 2 a factor of 29393?
False
Does 1117 divide 504786?
False
Does 241 divide 272812?
True
Is 860864 a multiple of 8?
True
Is 14 a factor of 259302?
False
Does 96 divide 1480468?
False
Is 19404792 a multiple of 264?
True
Does 114 divide 95190?
True
Does 8 divide 428725?
False
Is 15 a factor of 14237?
False
Is 48216 a multiple of 84?
True
Is 25 a factor of 13835175?
True
Is 91 a factor of 308193?
False
Is 468099 a multiple of 3?
True
Is 12226 a multiple of 12?
False
Does 17 divide 20383?
True
Is 2374709 a multiple of 757?
True
Is 1127388 a multiple of 6?
True
Is 15702410 a multiple of 241?
False
Is 45 a factor of 136992?
False
Is 964315 a multiple of 11?
True
Is 69 a factor of 1041306?
False
Does 14 divide 213864?
True
Is 128478 a multiple of 16?
False
Is 1341837 a multiple of 3?
True
Is 4 a factor of 28967?
False
Is 281 a factor of 1342337?
True
Is 249458 a multiple of 122?
False
Does 99 divide 5223830?
False
Is 1342635 a multiple of 35?
True
Is 58756 a multiple of 145?
False
Is 856002 a multiple of 623?
True
Is 37720130 a multiple of 395?
True
Does 125 divide 2408625?
True
Does 136 divide 105293?
False
Is 820691 a multiple of 152?
False
Is 453317 a multiple of 449?
False
Is 129372 a multiple of 156?
False
Is 6 a factor of 11694?
True
Is 7865750 a multiple of 862?
True
Is 2780033 a multiple of 252?
False
Is 166068 a multiple of 84?
True
Is 621478 a multiple of 533?
True
Is 2589540 a multiple of 90?
False
Does 98 divide 1917076?
True
Does 20 divide 966100?
True
Is 189347 a multiple of 46?
False
Is 15382746 a multiple of 9?
True
Does 37 divide 11424542?
False
Is 18 a factor of 2009146?
False
Is 254239 a multiple of 15?
False
Does 7 divide 15281?
True
Does 45 divide 999855?
True
Does 72 divide 210456?
True
Is 1441199 a multiple of 12?
False
Is 206336 a multiple of 512?
True
Is 2778446 a multiple of 23?
True
Is 18500 a multiple of 38?
False
Is 89 a factor of 7388691?
True
Is 221 a factor of 185861?
True
Is 12377090 a multiple of 188?
False
Is 250320 a multiple of 112?
True
Does 119 divide 70358?
False
Does 61 divide 7808?
True
Does 6 divide 104143?
False
Is 226 a factor of 984456?
True
Is 3609 a multiple of 112?
False
Is 44 a factor of 1156848?
True
Is 53 a factor of 4120803?
True
Does 541 divide 12491599?
False
Is 397293 a multiple of 183?
True
Does 20 divide 86090?
False
Is 6861600 a multiple of 120?
True
Is 366534 a multiple of 116?
False
Is 2208762 a multiple of 231?
False
Does 648 divide 1318572?
False
Is 1358710 a multiple of 10?
True
Does 59 divide 4245109?
True
Is 107065 a multiple of 263?
False
Does 500 divide 4532000?
True
Does 9 divide 581058?
True
Is 173985 a multiple of 21?
True
Is 36 a factor of 4522680?
True
Is 3820520 a multiple of 253?
False
Does 41 divide 127428?
True
Does 16 divide 226960?
True
Is 8483447 a multiple of 199?
False
Does 1512 divide 3640896?
True
Is 14 a factor of 155610?
True
Is 52 a factor of 347568?
True
Does 105 divide 458220?
True
Is 13529 a multip